-8)/c)/(-1*1). What is a(h)?
3
Let m(f) be the second derivative of f**3/2 + 5*f**2/2 + 18744*f. Suppose 0*d + 2*d + 6 = -z, 41 = 4*z - 5*d. What is m(z)?
17
Let f(o) = -o**3 + 8*o**2 - 3*o + 5. Let h be -4 - ((-1876)/(-4) + 0). Let b = h - -480. What is f(b)?
33
Let a(o) = -o**3 - 15*o**2 + 3*o + 29. Let c(l) = -l**3 + 56*l**2 + 377*l - 325. Let v be c(62). Calculate a(v).
-16
Let s(v) = 7. Let t(g) = -g - 2. Let z(c) = -s(c) + t(c). Let r(d) = d + 1. Let l(k) = 2*k + 2. Let a(j) = 2*l(j) - 3*r(j). Let n be a(-1). Calculate z(n).
-9
Let t(x) = x - 5. Let o = 12 + 202. Let k = o - 211. Determine t(k).
-2
Let s(x) = x**2 + 17*x + 26. Let a = 570 + -585. Give s(a).
-4
Suppose 4*i - 27 = -w, -8*i - 3*w = -10*i + 31. Let p(k) = 2*k**2 - 10*k + 22. Give p(i).
70
Let x(m) = 2*m + 157 - 207 + 49 - m. Give x(5).
4
Suppose -75 = 5*q - 4*c, -5*q - 110*c + 115*c = 80. Let x(y) be the second derivative of -y**5/20 - 11*y**4/12 - 9*y**2/2 - 18*y. What is x(q)?
-9
Let g = 45 + -51. Let o be 0 - 5 - (-6)/g. Let s(y) = 125*y - 127*y + 0 + 1. Calculate s(o).
13
Let z(x) = 3*x + 5*x**2 - 2*x**2 - 2*x - x**3 - 4*x**2. Let c(w) = w**3 - 7*w**2 - 16*w - 15. Let n be c(9). Let l be (-1 - (-6)/(-6)) + 12/n. Determine z(l).
-10
Let c(n) = -3*n**2 + 35*n + 16. Let t = -13152 + 13164. Calculate c(t).
4
Let a(z) = 6*z + 56. Suppose -45 = 5*r + 5*h, 9 - 4 = -5*h. Determine a(r).
8
Let l(r) = r - 4. Let k be 2/1*1 - 6/3. Let b be 6 + (0 - k) + (9 - 11). Suppose 4*v = -4*x - 11 - 1, -b*v + x - 22 = 0. Give l(v).
-9
Let g(l) = -l**2 + 14*l - 14. Let k(u) = -2*u - 3. Let t(w) = g(w) + 2*k(w). Let n(o) = -o**3 - 2*o**2 - 3*o + 2. Let f be n(-2). Calculate t(f).
-4
Let q = 28643 - 28629. Let w(t) = t**3 - 14*t**2 + 3*t - 24. Calculate w(q).
18
Let s(p) = -18*p - 1. Let m(f) = -19*f - 1. Let n(j) = -6*m(j) + 7*s(j). Suppose 45*q - 42*q - 3 = 3*z, 2*z = -q - 8. Give n(q).
23
Suppose -18 = 229*p - 220*p. Suppose -3*v + 2 + 4 = 0. Let z(q) = 3 - v + q + q**3 + 0 + 3*q**2 - 2. What is z(p)?
1
Let w(z) = 142*z**2 - 559*z**2 + 23 - z + 418*z**2. Suppose -5*v + 3*v = 0. Let l be 2 + 0 + -2 - v. Calculate w(l).
23
Let y(b) = -6*b - 36. Let o = 3430 + -3441. Determine y(o).
30
Let x(k) = -9*k - 4. Let p = -294 - -291. Let d(n) = 2*n**3 + 3*n**2 - n**3 - 126*n + 127*n. Let b be d(p). Determine x(b).
23
Let d(s) = -42*s + 468. Let l be d(11). Let i(c) = -2*c**2 + 13*c + 4. Calculate i(l).
10
Let p(d) = 3*d**2 - 2*d + 1. Let q be (-33)/(-11) - ((5 - 7) + 8). Determine p(q).
34
Suppose 6 = -4*p + 3*p - 0*j + 3*j, 0 = 8*j. Let g(u) = 5*u - 5. Let c(d) = -4*d + 4. Let w(o) = 7*c(o) + 6*g(o). Calculate w(p).
-14
Let j(l) = 4*l**2 + 14*l + 13. Suppose -63*s + 2 - 42 = 149. Calculate j(s).
7
Let m(j) = -j**2 + 5*j - 3. Let w(v) = -v**3 + 13*v**2 + 14*v + 3. Let k be w(14). Let q(i) = -2*i**2 + 5*i - 3. Let d(b) = k*m(b) - 2*q(b). Calculate d(-3).
-9
Let c(x) = -x + 0 - 6 + 6*x + x**2. Suppose 33*o - 12*o + 192 = -11*o. Determine c(o).
0
Let n(s) = -3*s**2 - 3*s + 5*s**2 - s - 409 - 3*s**2 + 420. Determine n(-5).
6
Let x(g) = 3*g - 26. Let m(j) = -7*j + 53. Let k(p) = -2*m(p) - 5*x(p). Let d be k(19). Let z(b) = -d + 1 + 7*b**2 + b**3 - 8*b + 5. What is z(-8)?
1
Let f = 89 + -108. Let x(y) = 7*y - 36. Let v(d) = 3*d - 18. Let u(w) = 9*v(w) - 4*x(w). Let s be u(f). Let k(o) = 5*o**2 + o. Determine k(s).
6
Let j be 100*(6/(-4) - -2). Suppose 8*y = -2*y - j. Let a(h) = h**3 - 273 - 265 + 802 - 265 + 5*h**2 - 3*h. Calculate a(y).
14
Let u(d) = 3*d**3 + 7*d**2 + 10*d - 4. Let h(n) = -10*n**3 - 24*n**2 - 35*n + 13. Let l(p) = 2*h(p) + 7*u(p). Let o be (-26)/12 - 4/(-24). Determine l(o).
-6
Let a(b) be the second derivative of -11*b**3/6 + 3*b**2/2 + 20*b - 16. Suppose -16*h = -41*h + 75. What is a(h)?
-30
Let r(o) = o**2 - 8*o + 12. Let v = -58 - -51. Let p(g) = -4*g**2 + 24*g - 37. Let f(c) = v*r(c) - 2*p(c). Calculate f(-8).
-10
Let j = -151 - -158. Suppose 4*k - j*k + 9 = -2*b, 4*k = -4*b - 28. Let t(g) = 2*g + 9. Determine t(b).
-3
Let w(z) be the third derivative of -45*z**2 - 1/720*z**6 + 0 + 1/24*z**5 + 23/24*z**4 + 0*z + 0*z**3. Let d(x) be the second derivative of w(x). What is d(3)?
2
Let u be (-6)/(-90) + -10 + 2320/75. Let o(v) = 2*v**3 - 43*v**2 + 21*v - 3. Determine o(u).
-3
Let r = -1233 - -1768. Let z = 536 - r. Let t(y) = 18*y. Give t(z).
18
Let r = -99 + 100. Let c(s) = -s - 2. Let f(v) = -v - 11. Let x(k) = r*f(k) - 3*c(k). Calculate x(3).
1
Let d(g) = g**2 - 4*g + 6. Suppose -2*h + 15 = -s + 74, 183 = 3*s - 4*h. Suppose -21*p = -s - 19. What is d(p)?
6
Let x(h) = 20*h**2 + 17*h - 32. Let f(p) = -7*p**2 - 6*p + 11. Let o(i) = 17*f(i) + 6*x(i). Suppose -4 = -9*j + 10*j. Determine o(j).
11
Let p(d) be the second derivative of -d**5/20 + d**4/4 - 11*d**3/6 + 35*d**2/2 + 2101*d. Give p(3).
2
Let j(z) be the third derivative of -z**5/60 + 5*z**4/24 + 113*z**3/6 - 3*z**2 - 3. Let v(m) be the first derivative of j(m). Give v(0).
5
Let g(x) = 4 - 19*x - 13*x + 24*x. Let q = -646 - -650. Calculate g(q).
-28
Let r(p) = 2*p**2 + 2*p + 1. Let u = 5717 - 5720. Give r(u).
13
Let y(k) = k - 16. Suppose 4*v + 3*z = -0*z + 87, -3*z - 129 = -5*v. Suppose -v + 114 = 10*s. What is y(s)?
-7
Suppose -6*o = 5*o + 22 + 55. Let l(q) = -2*q**3 - 13*q**2 + 8*q + 8. Give l(o).
1
Let r(m) = m**3 + 10*m**2 - 18*m - 79. Suppose 117 = 7*l + 194. Calculate r(l).
-2
Let h(l) = 199*l**3 - 4 - 100*l**3 - 98*l**3 + 7*l - 8*l**2. Let v = -11 + -1. Let p = v - -19. What is h(p)?
-4
Let h(u) = -11*u**3 + 156*u**2 + 242*u - 231. Let w(i) = -4*i**3 + 54*i**2 + 81*i - 78. Let j(m) = 3*h(m) - 8*w(m). Calculate j(38).
7
Let a(i) = -i**3 - 10*i**2 + 10*i - 9. Let z be (6 + -17)*((-48)/(-1))/(-2). Let o be (50/(-6) - -1)/(z/396). Calculate a(o).
2
Let c(r) = -r**3 + 4*r**2 + 4*r - 5. Suppose -67*x + 14 = 39 - 226. What is c(x)?
16
Suppose 11*w - 14 = 41. Suppose -f = y - 7, -5*y = 6*f - w*f - 51. Let r(o) be the third derivative of o**4/24 - 11*o**3/6 + o**2. Calculate r(y).
0
Let v(g) = -g**3 + 7*g**2 - 2*g + 8. Suppose 5*f - 2*n - 20 = 0, -2*f + 6*n = n - 29. Suppose -f*h = -29 - 31. Let d = h - 23. Determine v(d).
-6
Let g(f) = f**3 - 9*f**2 + 15*f - 14. Let o(a) = 3*a**3 - 96*a**2 - 2*a + 70. Let t be o(32). Determine g(t).
-32
Let b(p) = p**3 - 9*p**2 + 4. Let o be b(9). Let i = -61 - -66. Let l(g) = -2 + 2*g**2 + 141*g**3 - 142*g**3 + i*g + g**2. What is l(o)?
2
Suppose r - 5*z - 26 = -z, 4*r - 68 = 4*z. Suppose -r*c + 17*c - 6 = 0. Let n(p) = -p + 2. Calculate n(c).
0
Let i(v) = v**2 + 15. Let y be i(16). Let b = y + -276. Let l(g) = g - 5. Calculate l(b).
-10
Let d(g) = g**2 - 3*g - 3. Let q be (-4 - -3)/(19/1178). Suppose -2*u - 102 = 30. Let k = q - u. Give d(k).
1
Let a(x) = -724 - 2*x - 736 + 1468. Let q be (16/(-6))/((-1)/6*-2). Calculate a(q).
24
Let q be ((-85)/20)/((-9)/8 - -1). Suppose 20 = -39*m + q*m. Let f(b) = -3*b + 1. Determine f(m).
13
Let j(q) be the second derivative of -1/6*q**3 - 82*q + 0 - 7/2*q**2. Calculate j(-13).
6
Let m(v) = -9*v - 144 + 149 + 4*v - 9*v. Let u(j) = -16*j + 6. Let w(b) = -5*m(b) + 4*u(b). Determine w(-2).
-13
Let b(f) = 219 + f**3 - 7*f**2 - 225 - 3*f - 2*f**3 + 7*f**2. Give b(-3).
30
Let o be ((-392)/(-40) + -7)/((-2)/5). Let k(r) = -r**2 - 3*r + 23. Give k(o).
-5
Let j(w) = 3*w - 1771*w**2 + 4*w - 5*w + 1772*w**2 + 25 + 7*w. Calculate j(-7).
11
Let o(z) = -3 - 10 - z**2 - 5 + 20 - z. Let q be 49/(-17) + (-14)/119. Calculate o(q).
-4
Suppose 245*s = 277*s - 416. Let q(z) = z**2 - 2*z + 2. Let d be q(2). Let x(o) = s - 30 - d*o + 24. Give x(6).
-5
Let i(q) = -2*q + 7. Let x be i(2). Let k(s) = -s**2 - 5*s. Let n be k(-4). Suppose -3*h = -n*h - x. Let p(y) = y**2 + 3*y - 4. Give p(h).
-4
Let j(o) = o**2 + 9*o + 12. Suppose 3*c - 2*n - 19 = 0, 26 = 4*c + 9*n - 12*n. Suppose 5 = -x - 5*s, c*s + 1 = -3*x - 24. Give j(x).
22
Let w(p) = p**2 - 19*p - 2. Suppose 7*x + 1563 + 2000 = 0. Let s = x + 528. Calculate w(s).
-2
Let n(c) = c**2 + 13*c - 11. Let o(z) be the second derivative of z**5/10 + z**4/2 + 2*z**3/3 - z**2 - 5*z. Let l be o(-3). Give n(l).
3
Suppose b = 2*d - 23, -2*d - 4*b = 3*d - 51. Let z(u) = u**3 - 12*u**2 + 10*u + 13. Let n be z(d). Let y(j) = n*j + 68 - 71 - j**2 - 3*j. Determine y(-3).
-9
Let z(o) = -5*o + 4*o - 454 + 455 - o + o. Suppose 4 = 8*a - 10*a. Calcula